{"id":835,"date":"2013-06-11T11:10:03","date_gmt":"2013-06-11T09:10:03","guid":{"rendered":"http:\/\/www.parrocchiabrusegana.it\/?page_id=835"},"modified":"2025-12-14T08:03:15","modified_gmt":"2025-12-14T07:03:15","slug":"caritas-parrocchiale","status":"publish","type":"page","link":"https:\/\/www.parrocchiabrusegana.it\/?page_id=835","title":{"rendered":"Caritas Parrocchiale"},"content":{"rendered":"\n<div data-wp-interactive=\"core\/file\" class=\"wp-block-file\"><object data-wp-bind--hidden=\"!state.hasPdfPreview\" hidden class=\"wp-block-file__embed\" data=\"https:\/\/www.parrocchiabrusegana.it\/wp-content\/uploads\/2025\/12\/Caritas-parrocchiale-2.pdf\" type=\"application\/pdf\" style=\"width:100%;height:600px\" aria-label=\"Incorporamento di Caritas-parrocchiale.\"><\/object><a id=\"wp-block-file--media-20f48cfa-d2b2-43b2-a785-fc12c8b4e522\" href=\"https:\/\/www.parrocchiabrusegana.it\/wp-content\/uploads\/2025\/12\/Caritas-parrocchiale-2.pdf\">Caritas-parrocchiale<\/a><a href=\"https:\/\/www.parrocchiabrusegana.it\/wp-content\/uploads\/2025\/12\/Caritas-parrocchiale-2.pdf\" class=\"wp-block-file__button wp-element-button\" download aria-describedby=\"wp-block-file--media-20f48cfa-d2b2-43b2-a785-fc12c8b4e522\">Download<\/a><\/div>\n\n\n<blockquote>\n<p>&nbsp;<\/p>\n<style type=\"text\/css\"><!--\nbody { background: #eaeaea; text-align: left; }\n        h1 { text-shadow:  2px 2px 4px black; }\n\n--><\/style>\n<h4 style=\"margin-bottom: 0cm; line-height: 100%;\" align=\"JUSTIFY\">\u201c<span style=\"font-family: Times New Roman,serif;\">La Caritas Parrocchiale \u00e8 l\u2019organismo pastorale a cui \u00e8 affidato il compito di sensibilizzare, promuovere, coordinare, il servizio comunitario della carit\u00e0 sia all\u2019interno della comunit\u00e0 parrocchiale, come nel pi\u00f9 vasto territorio in cui essa \u00e8 inserita.<\/span><\/h4>\n<h4 style=\"margin-bottom: 0cm; line-height: 100%;\" align=\"JUSTIFY\"><span style=\"font-family: Times New Roman,serif;\">La Caritas \u00e8 espressione del Consiglio Pastorale parrocchiale ed opera in stretto collegamento con il gruppo dei catechisti, degli animatori della liturgia, del gruppo famiglie e con le altre realt\u00e0 pastorali presenti nella parrocchia al fine di evidenziare l\u2019aspetto comunitario della carit\u00e0 e favorirne un\u2019azione organica.<\/span><\/h4>\n<h4 style=\"margin-bottom: 0cm; line-height: 100%;\" align=\"JUSTIFY\"><span style=\"font-family: Times New Roman,serif;\">Il compito primario della Caritas \u00e8 quello pedagogico ed educativo.<\/span><\/h4>\n<h4 style=\"margin-bottom: 0cm; line-height: 100%;\" align=\"JUSTIFY\"><span style=\"font-family: Times New Roman,serif;\">Esso non pu\u00f2 ridursi solo in un gruppo operativo o nella promozione di gesti di solidariet\u00e0, gesti necessari e doverosi, ma:<\/span><\/h4>\n<ul>\n<li>\n<h4 style=\"margin-bottom: 0cm; line-height: 100%;\" align=\"JUSTIFY\"><span style=\"font-family: Times New Roman,serif;\">deve mirare ad una maturazione nelle coscienze dei credenti, nella vita delle famiglie, dei gruppi parrocchiali;<\/span><\/h4>\n<\/li>\n<li>\n<h4 style=\"margin-bottom: 0cm; line-height: 100%;\" align=\"JUSTIFY\"><span style=\"font-family: Times New Roman,serif;\">per una cultura e uno stile della carit\u00e0 radicato e il pi\u00f9 possibile permanente attraverso una pedagogia delle attenzioni e dei fatti;<\/span><\/h4>\n<\/li>\n<li>\n<h4 style=\"margin-bottom: 0cm; line-height: 100%;\" align=\"JUSTIFY\"><span style=\"font-family: Times New Roman,serif;\">di conseguenza l\u2019intera comunit\u00e0 parrocchiale \u00e8 chiamata ad accorgersi delle sofferenze, delle necessit\u00e0, delle povert\u00e0, delle emarginazioni presenti nel territori (parrocchiale, vicariale e diocesano); <\/span><\/h4>\n<\/li>\n<\/ul>\n<h4 style=\"margin-bottom: 0cm; line-height: 100%;\" align=\"JUSTIFY\"><span style=\"font-family: Times New Roman,serif;\">La Caritas parrocchiale prima di essere impegnata nell\u2019assistenza di questa o quella categoria dei poveri (pu\u00f2 fare anche questo in mancanza di persone gi\u00e0 operanti) \u00e8 chiamata particolarmente ad evidenziare i bisogni e proporre occasioni di impegno individuare disponibilit\u00e0\u201d (<\/span><span style=\"font-family: Times New Roman,serif;\"><span style=\"font-size: small;\"><i>Caritas nazionale<\/i><\/span><\/span><span style=\"font-family: Times New Roman,serif;\">).<\/span><\/h4>\n<p>&nbsp;<br \/><br \/><strong>ESTRATTO DAL BOLLETTINO PARROCCHIALE DEL 7 GENNAIO 2018<\/strong><br \/><a href=\"https:\/\/www.parrocchiabrusegana.it\/wp-content\/uploads\/2018\/01\/caritas.jpg\"><img loading=\"lazy\" decoding=\"async\" class=\"aligncenter size-medium wp-image-11279\" src=\"https:\/\/www.parrocchiabrusegana.it\/wp-content\/uploads\/2018\/01\/caritas-429x600.jpg\" alt=\"caritas\" width=\"429\" height=\"600\" srcset=\"https:\/\/www.parrocchiabrusegana.it\/wp-content\/uploads\/2018\/01\/caritas-429x600.jpg 429w, https:\/\/www.parrocchiabrusegana.it\/wp-content\/uploads\/2018\/01\/caritas-214x300.jpg 214w, https:\/\/www.parrocchiabrusegana.it\/wp-content\/uploads\/2018\/01\/caritas.jpg 682w\" sizes=\"auto, (max-width: 429px) 100vw, 429px\" \/><\/a><\/p>\n<\/blockquote>","protected":false},"excerpt":{"rendered":"<p>&nbsp; \u201cLa Caritas Parrocchiale \u00e8 l\u2019organismo pastorale a cui \u00e8 affidato il compito di sensibilizzare, promuovere, coordinare, il servizio comunitario della carit\u00e0 sia all\u2019interno della comunit\u00e0 parrocchiale, come nel pi\u00f9 vasto territorio in cui essa \u00e8 inserita. La Caritas \u00e8 &hellip; <a href=\"https:\/\/www.parrocchiabrusegana.it\/?page_id=835\">Continua a leggere<span class=\"meta-nav\">&rarr;<\/span><\/a><\/p>\n","protected":false},"author":1,"featured_media":0,"parent":795,"menu_order":0,"comment_status":"closed","ping_status":"closed","template":"","meta":{"_crdt_document":"","ngg_post_thumbnail":0,"footnotes":""},"class_list":["post-835","page","type-page","status-publish","hentry"],"_links":{"self":[{"href":"https:\/\/www.parrocchiabrusegana.it\/index.php?rest_route=\/wp\/v2\/pages\/835","targetHints":{"allow":["GET"]}}],"collection":[{"href":"https:\/\/www.parrocchiabrusegana.it\/index.php?rest_route=\/wp\/v2\/pages"}],"about":[{"href":"https:\/\/www.parrocchiabrusegana.it\/index.php?rest_route=\/wp\/v2\/types\/page"}],"author":[{"embeddable":true,"href":"https:\/\/www.parrocchiabrusegana.it\/index.php?rest_route=\/wp\/v2\/users\/1"}],"replies":[{"embeddable":true,"href":"https:\/\/www.parrocchiabrusegana.it\/index.php?rest_route=%2Fwp%2Fv2%2Fcomments&post=835"}],"version-history":[{"count":15,"href":"https:\/\/www.parrocchiabrusegana.it\/index.php?rest_route=\/wp\/v2\/pages\/835\/revisions"}],"predecessor-version":[{"id":17164,"href":"https:\/\/www.parrocchiabrusegana.it\/index.php?rest_route=\/wp\/v2\/pages\/835\/revisions\/17164"}],"up":[{"embeddable":true,"href":"https:\/\/www.parrocchiabrusegana.it\/index.php?rest_route=\/wp\/v2\/pages\/795"}],"wp:attachment":[{"href":"https:\/\/www.parrocchiabrusegana.it\/index.php?rest_route=%2Fwp%2Fv2%2Fmedia&parent=835"}],"curies":[{"name":"wp","href":"https:\/\/api.w.org\/{rel}","templated":true}]}}

<div data-wp-interactive="core/file" class="wp-block-file"><object data-wp-bind--hidden="!state.hasPdfPreview" hidden class="wp-block-file__embed" data="https://www.parrocchiabrusegana.it/wp-content/uploads/2025/12/Caritas-parrocchiale-2.pdf" type="application/pdf" style="width:100%;height:600px" aria-label="Incorporamento di Caritas-parrocchiale."></object><a id="wp-block-file--media-20f48cfa-d2b2-43b2-a785-fc12c8b4e522" href="https://www.parrocchiabrusegana.it/wp-content/uploads/2025/12/Caritas-parrocchiale-2.pdf">Caritas-parrocchiale</a><a href="https://www.parrocchiabrusegana.it/wp-content/uploads/2025/12/Caritas-parrocchiale-2.pdf" class="wp-block-file__button wp-element-button" download aria-describedby="wp-block-file--media-20f48cfa-d2b2-43b2-a785-fc12c8b4e522">Download</a></div>


<blockquote>
<p>&nbsp;</p>
<style type="text/css"><!--
body { background: #eaeaea; text-align: left; }
        h1 { text-shadow:  2px 2px 4px black; }

--></style>
<h4 style="margin-bottom: 0cm; line-height: 100%;" align="JUSTIFY">“<span style="font-family: Times New Roman,serif;">La Caritas Parrocchiale è l’organismo pastorale a cui è affidato il compito di sensibilizzare, promuovere, coordinare, il servizio comunitario della carità sia all’interno della comunità parrocchiale, come nel più vasto territorio in cui essa è inserita.</span></h4>
<h4 style="margin-bottom: 0cm; line-height: 100%;" align="JUSTIFY"><span style="font-family: Times New Roman,serif;">La Caritas è espressione del Consiglio Pastorale parrocchiale ed opera in stretto collegamento con il gruppo dei catechisti, degli animatori della liturgia, del gruppo famiglie e con le altre realtà pastorali presenti nella parrocchia al fine di evidenziare l’aspetto comunitario della carità e favorirne un’azione organica.</span></h4>
<h4 style="margin-bottom: 0cm; line-height: 100%;" align="JUSTIFY"><span style="font-family: Times New Roman,serif;">Il compito primario della Caritas è quello pedagogico ed educativo.</span></h4>
<h4 style="margin-bottom: 0cm; line-height: 100%;" align="JUSTIFY"><span style="font-family: Times New Roman,serif;">Esso non può ridursi solo in un gruppo operativo o nella promozione di gesti di solidarietà, gesti necessari e doverosi, ma:</span></h4>
<ul>
<li>
<h4 style="margin-bottom: 0cm; line-height: 100%;" align="JUSTIFY"><span style="font-family: Times New Roman,serif;">deve mirare ad una maturazione nelle coscienze dei credenti, nella vita delle famiglie, dei gruppi parrocchiali;</span></h4>
</li>
<li>
<h4 style="margin-bottom: 0cm; line-height: 100%;" align="JUSTIFY"><span style="font-family: Times New Roman,serif;">per una cultura e uno stile della carità radicato e il più possibile permanente attraverso una pedagogia delle attenzioni e dei fatti;</span></h4>
</li>
<li>
<h4 style="margin-bottom: 0cm; line-height: 100%;" align="JUSTIFY"><span style="font-family: Times New Roman,serif;">di conseguenza l’intera comunità parrocchiale è chiamata ad accorgersi delle sofferenze, delle necessità, delle povertà, delle emarginazioni presenti nel territori (parrocchiale, vicariale e diocesano); </span></h4>
</li>
</ul>
<h4 style="margin-bottom: 0cm; line-height: 100%;" align="JUSTIFY"><span style="font-family: Times New Roman,serif;">La Caritas parrocchiale prima di essere impegnata nell’assistenza di questa o quella categoria dei poveri (può fare anche questo in mancanza di persone già operanti) è chiamata particolarmente ad evidenziare i bisogni e proporre occasioni di impegno individuare disponibilità” (</span><span style="font-family: Times New Roman,serif;"><span style="font-size: small;"><i>Caritas nazionale</i></span></span><span style="font-family: Times New Roman,serif;">).</span></h4>
<p>&nbsp;<br /><br /><strong>ESTRATTO DAL BOLLETTINO PARROCCHIALE DEL 7 GENNAIO 2018</strong><br /><a href="https://www.parrocchiabrusegana.it/wp-content/uploads/2018/01/caritas.jpg"><img loading="lazy" decoding="async" class="aligncenter size-medium wp-image-11279" src="https://www.parrocchiabrusegana.it/wp-content/uploads/2018/01/caritas-429x600.jpg" alt="caritas" width="429" height="600" srcset="https://www.parrocchiabrusegana.it/wp-content/uploads/2018/01/caritas-429x600.jpg 429w, https://www.parrocchiabrusegana.it/wp-content/uploads/2018/01/caritas-214x300.jpg 214w, https://www.parrocchiabrusegana.it/wp-content/uploads/2018/01/caritas.jpg 682w" sizes="auto, (max-width: 429px) 100vw, 429px" /></a></p>
</blockquote>

<p>&nbsp; “La Caritas Parrocchiale è l’organismo pastorale a cui è affidato il compito di sensibilizzare, promuovere, coordinare, il servizio comunitario della carità sia all’interno della comunità parrocchiale, come nel più vasto territorio in cui essa è inserita. La Caritas è &hellip; <a href="https://www.parrocchiabrusegana.it/?page_id=835">Continua a leggere<span class="meta-nav">&rarr;</span></a></p>
