{"id":821,"date":"2013-06-11T11:04:12","date_gmt":"2013-06-11T09:04:12","guid":{"rendered":"http:\/\/www.parrocchiabrusegana.it\/?page_id=821"},"modified":"2021-04-15T16:59:32","modified_gmt":"2021-04-15T14:59:32","slug":"catechesi-battesimale","status":"publish","type":"page","link":"https:\/\/www.parrocchiabrusegana.it\/?page_id=821","title":{"rendered":"Catechesi Battesimale"},"content":{"rendered":"<blockquote><p><body oncontextmenu=\"return false\" ondragstart=\"return false\" onselectstart=\"return false\"><br \/>\n<head><br \/>\n\t<meta http-equiv=\"Content-Type\" content=\"text\/html;charset=UTF-8\"\/><br \/>\n\t<title><\/title><\/p>\n<style type=\"text\/css\">\n        body { background: #eaeaea; text-align: left; }\n        h1 { text-shadow:  2px 2px 4px black; }\n   <\/style>\n<p><\/head><br \/>\n&nbsp;<\/p>\n<h4 style=\"margin-bottom: 0cm; line-height: 100%;\" align=\"JUSTIFY\"><em><strong><span style=\"font-family: Times New Roman,serif;\">\u00ab<\/span><\/strong><\/em><span style=\"font-family: Times New Roman,serif;\"><i><b>Divenire cristiani non \u00e8 una cosa che segue da una mia decisione: \u00abIo adesso mi faccio cristiano\u00bb. Certo, anche la mia decisione \u00e8 necessaria, ma soprattutto \u00e8 un\u2019azione di Dio con me: non sono io che mi faccio cristiano, io sono assunto da Dio, preso in mano da Dio e cos\u00ec, dicendo \u00abs\u00ec\u00bb a questa azione di Dio, divento cristiano. Divenire cristiani, in un certo senso, \u00e8 passivo: io non mi faccio cristiano, ma Dio mi fa un suo uomo, Dio mi prende in mano e realizza la mia vita in una nuova dimensione. Come io non mi faccio vivere, ma la vita mi \u00e8 data; sono nato non perch\u00e9 io mi sono fatto uomo, ma sono nato perch\u00e9 l\u2019essere umano mi \u00e8 donato. Cos\u00ec anche l\u2019essere cristiano mi \u00e8 donato, \u00e8 un passivo per me, che diventa un attivo nella nostra, nella mia vita\u00bb<\/b><\/i><\/span><span style=\"font-family: Times New Roman,serif;\">. ( Benedetto XVI al Convegno diocesano di Roma, 2012)<\/span><\/h4>\n<h4 style=\"margin-bottom: 0cm; line-height: 100%;\" align=\"JUSTIFY\"><\/h4>\n<h4 style=\"margin-bottom: 0cm; line-height: 100%;\" align=\"JUSTIFY\"><span style=\"font-family: Times New Roman,serif;\">Il cammino di formazione e prima ancora di accompagnamento dei genitori alla fede ci impegna come comunit\u00e0 nell\u2019 \u201c<\/span><span style=\"font-family: Times New Roman,serif;\"><i>aiutare, da un lato, le giovani famiglie a (ri)scoprire la fede perch\u00e9 solo la loro maturazione come adulti li render\u00e0 testimoni significativi della fede. Ma, d\u2019altro canto, si tratta di aiutarli a maturare non in astratto, bens\u00ec proprio come genitori, ben sapendo che la provvidenza ha donato loro dei figli perch\u00e9 riscoprano la fede insieme a loro. <\/i><\/span><\/h4>\n<h4 style=\"margin-bottom: 0cm; line-height: 100%;\" align=\"JUSTIFY\"><span style=\"font-family: Times New Roman,serif;\"><i>Solo un adulto innamorato della fede la trasmette ai piccoli, ma d\u2019altro canto un adulto si innamora della fede proprio perch\u00e9 scopre che essa rende pi\u00f9 belli i suoi figli! Talvolta \u00e8 proprio quando la comunit\u00e0 cristiana si occupa dell\u2019educazione dei bambini che anche i cuori dei genitori vengono toccati!<\/i><\/span><\/h4>\n<h4 style=\"margin-bottom: 0cm; line-height: 100%;\" align=\"JUSTIFY\"><span style=\"font-family: Times New Roman,serif;\"><i>\u00c8 l\u2019esperienza che ci dice che noi non possiamo decidere a priori quando e come il Signore chiama. A volte Dio chiama alla fede un adulto indipendentemente da tutto, altre volte lo chiama alla fede cristiana proprio facendogli scoprire la sua responsabilit\u00e0 di padre e di madre<\/i><\/span><span style=\"font-family: Times New Roman,serif;\">\u201d (d. Lonardo, Dir. Uff. catechistico di Roma).<\/span><\/h4>\n<h4 style=\"margin-bottom: 0cm; line-height: 100%;\" align=\"JUSTIFY\"><\/h4>\n<h4 style=\"margin-bottom: 0cm; line-height: 100%;\" align=\"JUSTIFY\"><span style=\"font-family: Times New Roman,serif;\">Alla richiesta del battesimo da parte dei genitori segue:<\/span><\/h4>\n<ul>\n<li>\n<h4 style=\"margin-bottom: 0cm; line-height: 100%;\" align=\"JUSTIFY\"><span style=\"font-family: Times New Roman,serif;\">un <\/span><span style=\"font-family: Times New Roman,serif;\"><b>primo incontro in famiglia<\/b><\/span><span style=\"font-family: Times New Roman,serif;\"> del parroco per conoscersi e prendere confidenza per poi definire il senso della scelta, il percorso, la data del sacramento e gli incontri preparatori; <\/span><\/h4>\n<\/li>\n<li>\n<h4 style=\"margin-bottom: 0cm; line-height: 100%;\" align=\"JUSTIFY\"><span style=\"font-family: Times New Roman,serif;\"><b>altri due incontri in famiglia<\/b><\/span><span style=\"font-family: Times New Roman,serif;\">, uno sul tema del rito del battesimo con la partecipazione dei padrini e un incontro con i catechisti battesimali sulla consegna del catechismo dei bambini e la condivisione del cammino con altre famiglie che hanno scelto la fede per i propri figli.<\/span><\/h4>\n<\/li>\n<\/ul>\n<h4 style=\"margin-bottom: 0cm; line-height: 100%;\" align=\"JUSTIFY\"><span style=\"font-family: Times New Roman,serif;\">Dopo il battesimo, per ogni anno fino all\u2019inizio del nuovo percorso di iniziazione cristiana (6\/7 anni), inizia il tempo della \u201cmistagogia\u201d, sviluppato in cinque anni, programmato con alcuni incontri, distinti per famiglie. Queste rimangono unite non solo nell\u2019invio periodico e diversificato di pubblicazioni di approfondimento del ministero educativo proprio dei genitori all\u2019interno di una comunit\u00e0 cristiana a sua volta educante, perch\u00e9 generante la fede, ma anche con relazioni di amicizia e di allegria, richiamate anche negli incontri e nelle celebrazioni di ogni anno, secondo lo schema: <\/span><\/h4>\n<ul>\n<li>\n<h4 style=\"margin-bottom: 0cm; line-height: 100%;\" align=\"JUSTIFY\"><span style=\"font-family: Times New Roman,serif;\">dopo il 1\u00b0 anniversario di battesimo: anno del NOME, delle RINUNCIE e del CREDO<\/span><\/h4>\n<\/li>\n<li>\n<h4 style=\"margin-bottom: 0cm; line-height: 100%;\" align=\"JUSTIFY\"><span style=\"font-family: Times New Roman,serif;\">dopo il 2\u00b0 anniversario di battesimo: anno della PAROLA di DIO<\/span><\/h4>\n<\/li>\n<li>\n<h4 style=\"margin-bottom: 0cm; line-height: 100%;\" align=\"JUSTIFY\"><span style=\"font-family: Times New Roman,serif;\">dopo il 3\u00b0 anniversario di battesimo: anno dell\u2019ACQUA<\/span><\/h4>\n<\/li>\n<li>\n<h4 style=\"margin-bottom: 0cm; line-height: 100%;\" align=\"JUSTIFY\"><span style=\"font-family: Times New Roman,serif;\">dopo il 4\u00b0 anniversario di battesimo: anno dell\u2019OLIO (dei Catecumeni e del Crisma)<\/span><\/h4>\n<\/li>\n<li>\n<h4 style=\"margin-bottom: 0cm; line-height: 100%;\" align=\"JUSTIFY\"><span style=\"font-family: Times New Roman,serif;\">dopo il 5\u00b0 anniversario di battesimo: anno della VESTE e della LUCE<\/span><\/h4>\n<\/li>\n<\/ul>\n<h4 style=\"margin-bottom: 0cm; line-height: 100%;\" align=\"JUSTIFY\"><\/h4>\n<p><\/body><\/p><\/blockquote>\n<p><a href=\"https:\/\/www.parrocchiabrusegana.it\/?page_id=794\"><\/p>\n<p>< -- Torna a Catechesi<\/a><\/p>\n","protected":false},"excerpt":{"rendered":"<p>&nbsp; \u00abDivenire cristiani non \u00e8 una cosa che segue da una mia decisione: \u00abIo adesso mi faccio cristiano\u00bb. Certo, anche la mia decisione \u00e8 necessaria, ma soprattutto \u00e8 un\u2019azione di Dio con me: non sono io che mi faccio cristiano, &hellip; <a href=\"https:\/\/www.parrocchiabrusegana.it\/?page_id=821\">Continua a leggere<span class=\"meta-nav\">&rarr;<\/span><\/a><\/p>\n","protected":false},"author":1,"featured_media":0,"parent":0,"menu_order":0,"comment_status":"closed","ping_status":"closed","template":"","meta":{"_crdt_document":"","ngg_post_thumbnail":0,"footnotes":""},"class_list":["post-821","page","type-page","status-publish","hentry"],"_links":{"self":[{"href":"https:\/\/www.parrocchiabrusegana.it\/index.php?rest_route=\/wp\/v2\/pages\/821","targetHints":{"allow":["GET"]}}],"collection":[{"href":"https:\/\/www.parrocchiabrusegana.it\/index.php?rest_route=\/wp\/v2\/pages"}],"about":[{"href":"https:\/\/www.parrocchiabrusegana.it\/index.php?rest_route=\/wp\/v2\/types\/page"}],"author":[{"embeddable":true,"href":"https:\/\/www.parrocchiabrusegana.it\/index.php?rest_route=\/wp\/v2\/users\/1"}],"replies":[{"embeddable":true,"href":"https:\/\/www.parrocchiabrusegana.it\/index.php?rest_route=%2Fwp%2Fv2%2Fcomments&post=821"}],"version-history":[{"count":12,"href":"https:\/\/www.parrocchiabrusegana.it\/index.php?rest_route=\/wp\/v2\/pages\/821\/revisions"}],"predecessor-version":[{"id":15517,"href":"https:\/\/www.parrocchiabrusegana.it\/index.php?rest_route=\/wp\/v2\/pages\/821\/revisions\/15517"}],"wp:attachment":[{"href":"https:\/\/www.parrocchiabrusegana.it\/index.php?rest_route=%2Fwp%2Fv2%2Fmedia&parent=821"}],"curies":[{"name":"wp","href":"https:\/\/api.w.org\/{rel}","templated":true}]}}

<blockquote><p><body oncontextmenu="return false" ondragstart="return false" onselectstart="return false"><br />
<head><br />
	<meta http-equiv="Content-Type" content="text/html;charset=UTF-8"/><br />
	<title></title></p>
<style type="text/css">
        body { background: #eaeaea; text-align: left; }
        h1 { text-shadow:  2px 2px 4px black; }
   </style>
<p></head><br />
&nbsp;</p>
<h4 style="margin-bottom: 0cm; line-height: 100%;" align="JUSTIFY"><em><strong><span style="font-family: Times New Roman,serif;">«</span></strong></em><span style="font-family: Times New Roman,serif;"><i><b>Divenire cristiani non è una cosa che segue da una mia decisione: «Io adesso mi faccio cristiano». Certo, anche la mia decisione è necessaria, ma soprattutto è un’azione di Dio con me: non sono io che mi faccio cristiano, io sono assunto da Dio, preso in mano da Dio e così, dicendo «sì» a questa azione di Dio, divento cristiano. Divenire cristiani, in un certo senso, è passivo: io non mi faccio cristiano, ma Dio mi fa un suo uomo, Dio mi prende in mano e realizza la mia vita in una nuova dimensione. Come io non mi faccio vivere, ma la vita mi è data; sono nato non perché io mi sono fatto uomo, ma sono nato perché l’essere umano mi è donato. Così anche l’essere cristiano mi è donato, è un passivo per me, che diventa un attivo nella nostra, nella mia vita»</b></i></span><span style="font-family: Times New Roman,serif;">. ( Benedetto XVI al Convegno diocesano di Roma, 2012)</span></h4>
<h4 style="margin-bottom: 0cm; line-height: 100%;" align="JUSTIFY"></h4>
<h4 style="margin-bottom: 0cm; line-height: 100%;" align="JUSTIFY"><span style="font-family: Times New Roman,serif;">Il cammino di formazione e prima ancora di accompagnamento dei genitori alla fede ci impegna come comunità nell’ “</span><span style="font-family: Times New Roman,serif;"><i>aiutare, da un lato, le giovani famiglie a (ri)scoprire la fede perché solo la loro maturazione come adulti li renderà testimoni significativi della fede. Ma, d’altro canto, si tratta di aiutarli a maturare non in astratto, bensì proprio come genitori, ben sapendo che la provvidenza ha donato loro dei figli perché riscoprano la fede insieme a loro. </i></span></h4>
<h4 style="margin-bottom: 0cm; line-height: 100%;" align="JUSTIFY"><span style="font-family: Times New Roman,serif;"><i>Solo un adulto innamorato della fede la trasmette ai piccoli, ma d’altro canto un adulto si innamora della fede proprio perché scopre che essa rende più belli i suoi figli! Talvolta è proprio quando la comunità cristiana si occupa dell’educazione dei bambini che anche i cuori dei genitori vengono toccati!</i></span></h4>
<h4 style="margin-bottom: 0cm; line-height: 100%;" align="JUSTIFY"><span style="font-family: Times New Roman,serif;"><i>È l’esperienza che ci dice che noi non possiamo decidere a priori quando e come il Signore chiama. A volte Dio chiama alla fede un adulto indipendentemente da tutto, altre volte lo chiama alla fede cristiana proprio facendogli scoprire la sua responsabilità di padre e di madre</i></span><span style="font-family: Times New Roman,serif;">” (d. Lonardo, Dir. Uff. catechistico di Roma).</span></h4>
<h4 style="margin-bottom: 0cm; line-height: 100%;" align="JUSTIFY"></h4>
<h4 style="margin-bottom: 0cm; line-height: 100%;" align="JUSTIFY"><span style="font-family: Times New Roman,serif;">Alla richiesta del battesimo da parte dei genitori segue:</span></h4>
<ul>
<li>
<h4 style="margin-bottom: 0cm; line-height: 100%;" align="JUSTIFY"><span style="font-family: Times New Roman,serif;">un </span><span style="font-family: Times New Roman,serif;"><b>primo incontro in famiglia</b></span><span style="font-family: Times New Roman,serif;"> del parroco per conoscersi e prendere confidenza per poi definire il senso della scelta, il percorso, la data del sacramento e gli incontri preparatori; </span></h4>
</li>
<li>
<h4 style="margin-bottom: 0cm; line-height: 100%;" align="JUSTIFY"><span style="font-family: Times New Roman,serif;"><b>altri due incontri in famiglia</b></span><span style="font-family: Times New Roman,serif;">, uno sul tema del rito del battesimo con la partecipazione dei padrini e un incontro con i catechisti battesimali sulla consegna del catechismo dei bambini e la condivisione del cammino con altre famiglie che hanno scelto la fede per i propri figli.</span></h4>
</li>
</ul>
<h4 style="margin-bottom: 0cm; line-height: 100%;" align="JUSTIFY"><span style="font-family: Times New Roman,serif;">Dopo il battesimo, per ogni anno fino all’inizio del nuovo percorso di iniziazione cristiana (6/7 anni), inizia il tempo della “mistagogia”, sviluppato in cinque anni, programmato con alcuni incontri, distinti per famiglie. Queste rimangono unite non solo nell’invio periodico e diversificato di pubblicazioni di approfondimento del ministero educativo proprio dei genitori all’interno di una comunità cristiana a sua volta educante, perché generante la fede, ma anche con relazioni di amicizia e di allegria, richiamate anche negli incontri e nelle celebrazioni di ogni anno, secondo lo schema: </span></h4>
<ul>
<li>
<h4 style="margin-bottom: 0cm; line-height: 100%;" align="JUSTIFY"><span style="font-family: Times New Roman,serif;">dopo il 1° anniversario di battesimo: anno del NOME, delle RINUNCIE e del CREDO</span></h4>
</li>
<li>
<h4 style="margin-bottom: 0cm; line-height: 100%;" align="JUSTIFY"><span style="font-family: Times New Roman,serif;">dopo il 2° anniversario di battesimo: anno della PAROLA di DIO</span></h4>
</li>
<li>
<h4 style="margin-bottom: 0cm; line-height: 100%;" align="JUSTIFY"><span style="font-family: Times New Roman,serif;">dopo il 3° anniversario di battesimo: anno dell’ACQUA</span></h4>
</li>
<li>
<h4 style="margin-bottom: 0cm; line-height: 100%;" align="JUSTIFY"><span style="font-family: Times New Roman,serif;">dopo il 4° anniversario di battesimo: anno dell’OLIO (dei Catecumeni e del Crisma)</span></h4>
</li>
<li>
<h4 style="margin-bottom: 0cm; line-height: 100%;" align="JUSTIFY"><span style="font-family: Times New Roman,serif;">dopo il 5° anniversario di battesimo: anno della VESTE e della LUCE</span></h4>
</li>
</ul>
<h4 style="margin-bottom: 0cm; line-height: 100%;" align="JUSTIFY"></h4>
<p></body></p></blockquote>
<p><a href="https://www.parrocchiabrusegana.it/?page_id=794"></p>
<p>< -- Torna a Catechesi</a></p>

<p>&nbsp; «Divenire cristiani non è una cosa che segue da una mia decisione: «Io adesso mi faccio cristiano». Certo, anche la mia decisione è necessaria, ma soprattutto è un’azione di Dio con me: non sono io che mi faccio cristiano, &hellip; <a href="https://www.parrocchiabrusegana.it/?page_id=821">Continua a leggere<span class="meta-nav">&rarr;</span></a></p>
