{"id":794,"date":"2013-06-11T10:10:11","date_gmt":"2013-06-11T08:10:11","guid":{"rendered":"http:\/\/www.parrocchiabrusegana.it\/?page_id=794"},"modified":"2023-09-30T08:32:23","modified_gmt":"2023-09-30T06:32:23","slug":"catechesi","status":"publish","type":"page","link":"https:\/\/www.parrocchiabrusegana.it\/?page_id=794","title":{"rendered":"Catechesi"},"content":{"rendered":"<p><body oncontextmenu=\"return false\" ondragstart=\"return false\" onselectstart=\"return false\"><br \/>\n&nbsp;<\/p>\n<blockquote><p>&nbsp;<\/p>\n<style type=\"text\/css\"><!-- body { background: #eaeaea; text-align: left; } h1 { text-shadow: 2px 2px 4px black; } --><\/style>\n<h3><span style=\"font-family: Times New Roman,serif;\">\u00ab<\/span><span style=\"font-family: Times New Roman,serif;\">Cristiani non si nasce, si diventa<\/span><span style=\"font-family: Times New Roman,serif;\">\u00bb, ha scritto Tertulliano. \u00c8 un\u2019affermazione particolarmente attuale, perch\u00e9 oggi siamo in mezzo a pervasivi processi di scristianizzazione, che generano indifferenza e agnosticismo. I consueti percorsi di trasmissione della fede risultano in non pochi casi impraticabili. <\/span><\/h3>\n<h3><span style=\"font-family: Times New Roman,serif;\">Non si pu\u00f2 pi\u00f9 dare per scontato che si sappia chi \u00e8 Ges\u00f9 Cristo, che si conosca il Vangelo, che si abbia una qualche esperienza di Chiesa. Vale per fanciulli, ragazzi, giovani e adulti; vale per la nostra gente e, ovviamente, per tanti immigrati, provenienti da altre culture e religioni. C\u2019\u00e8 bisogno di un rinnovato primo annuncio della fede. \u00c8 compito della Chiesa in quanto tale, e ricade su ogni cristiano, discepolo e quindi testimone di Cristo; tocca in modo particolare le parrocchie. Di primo annuncio vanno innervate tutte le azioni pastorali\u00bb.<\/span><\/h3>\n<h4>&nbsp;<\/h4>\n<h4 style=\"margin-bottom: 0cm; line-height: 100%;\" align=\"RIGHT\"><a href=\"http:\/\/www.chiesacattolica.it\/cci_new\/pagine\/1647\/noti5_604.pdf\" target=\"_blank\" rel=\"noopener noreferrer\"><span style=\"font-family: Times New Roman,serif;\"><span style=\"font-size: small;\"><i>(<\/i><\/span><\/span><span style=\"font-family: Times New Roman,serif;\"><span style=\"font-size: small;\"><i>Conferenza Episcopale Italiana<\/i><\/span><\/span><span style=\"font-family: Times New Roman,serif;\"><span style=\"font-size: small;\"><i>, \u201cIl volto missionario delle parrocchie in un mondo che cambia\u201d, 2004, 6)<\/i><\/span><\/span><\/a><\/h4>\n<ul>\n<li><a href=\"https:\/\/www.parrocchiabrusegana.it\/?page_id=821\">Catechesi Battesimale<\/a><\/li>\n<li><a href=\"https:\/\/www.parrocchiabrusegana.it\/?page_id=825\">Primo Percorso<\/a><\/li>\n<li><a href=\"https:\/\/www.parrocchiabrusegana.it\/?page_id=833\">Secondo Percorso<\/a><\/li>\n<li><a href=\"https:\/\/www.parrocchiabrusegana.it\/?page_id=831\">Terzo Percorso<\/a><\/li>\n<li><a href=\"https:\/\/www.parrocchiabrusegana.it\/?page_id=827\">Quarto Percorso<\/a><\/li>\n<li><a href=\"https:\/\/www.parrocchiabrusegana.it\/?page_id=829\">Quinto Percorso<\/a><\/li>\n<li><a href=\"https:\/\/www.parrocchiabrusegana.it\/?page_id=2081\">Sesto Percorso<\/a><\/li>\n<li><a href=\"https:\/\/www.parrocchiabrusegana.it\/?page_id=2084\">Settimo Percorso<\/a><\/li>\n<li><a href=\"https:\/\/www.parrocchiabrusegana.it\/?page_id=2086\">Ottavo Percorso&nbsp;<\/a>&nbsp;<\/li>\n<p>&nbsp;<br \/>\n&nbsp;<br \/>\n<strong>Iniziazione cristiana<\/strong><br \/>\nGli incontri di catechesi per i bambini e i ragazzi<br \/>\ninizieranno a fine novembre. I Genitori verranno<br \/>\nprecedentemente invitati ad un incontro di presentazione<br \/>\ndell\u2019itinerario di iniziazione cristiana dei loro figli.<br \/>\nSi ricorda che la catechesi per i bambini di prima<br \/>\nelementare inizier\u00e0 nell\u2019anno pastorale 2024-2025.<br \/>\n<strong>Seconda elementare<\/strong><br \/>\nI genitori che per i propri figli sono interessati ad iniziare<br \/>\nil cammino di catechesi in Parrocchia, sono pregati di<br \/>\nrivolgersi al parroco al termine delle Messe festive o<br \/>\ntelefonando al n. 049 620231; in caso di mancata risposta,<br \/>\nlasciate un messaggio in segreteria telefonica e sarete<br \/>\nrichiamati il prima possibile<br \/>\n&nbsp;<br \/>\n&nbsp;<\/p>\n<\/ul>\n<\/blockquote>\n<p><\/body><\/p>\n","protected":false},"excerpt":{"rendered":"<p>&nbsp; &nbsp; \u00abCristiani non si nasce, si diventa\u00bb, ha scritto Tertulliano. \u00c8 un\u2019affermazione particolarmente attuale, perch\u00e9 oggi siamo in mezzo a pervasivi processi di scristianizzazione, che generano indifferenza e agnosticismo. I consueti percorsi di trasmissione della fede risultano in non &hellip; <a href=\"https:\/\/www.parrocchiabrusegana.it\/?page_id=794\">Continua a leggere<span class=\"meta-nav\">&rarr;<\/span><\/a><\/p>\n","protected":false},"author":1,"featured_media":0,"parent":0,"menu_order":5,"comment_status":"closed","ping_status":"closed","template":"","meta":{"_crdt_document":"","ngg_post_thumbnail":0,"footnotes":""},"class_list":["post-794","page","type-page","status-publish","hentry"],"_links":{"self":[{"href":"https:\/\/www.parrocchiabrusegana.it\/index.php?rest_route=\/wp\/v2\/pages\/794","targetHints":{"allow":["GET"]}}],"collection":[{"href":"https:\/\/www.parrocchiabrusegana.it\/index.php?rest_route=\/wp\/v2\/pages"}],"about":[{"href":"https:\/\/www.parrocchiabrusegana.it\/index.php?rest_route=\/wp\/v2\/types\/page"}],"author":[{"embeddable":true,"href":"https:\/\/www.parrocchiabrusegana.it\/index.php?rest_route=\/wp\/v2\/users\/1"}],"replies":[{"embeddable":true,"href":"https:\/\/www.parrocchiabrusegana.it\/index.php?rest_route=%2Fwp%2Fv2%2Fcomments&post=794"}],"version-history":[{"count":79,"href":"https:\/\/www.parrocchiabrusegana.it\/index.php?rest_route=\/wp\/v2\/pages\/794\/revisions"}],"predecessor-version":[{"id":16500,"href":"https:\/\/www.parrocchiabrusegana.it\/index.php?rest_route=\/wp\/v2\/pages\/794\/revisions\/16500"}],"wp:attachment":[{"href":"https:\/\/www.parrocchiabrusegana.it\/index.php?rest_route=%2Fwp%2Fv2%2Fmedia&parent=794"}],"curies":[{"name":"wp","href":"https:\/\/api.w.org\/{rel}","templated":true}]}}

<p><body oncontextmenu="return false" ondragstart="return false" onselectstart="return false"><br />
&nbsp;</p>
<blockquote><p>&nbsp;</p>
<style type="text/css"><!-- body { background: #eaeaea; text-align: left; } h1 { text-shadow: 2px 2px 4px black; } --></style>
<h3><span style="font-family: Times New Roman,serif;">«</span><span style="font-family: Times New Roman,serif;">Cristiani non si nasce, si diventa</span><span style="font-family: Times New Roman,serif;">», ha scritto Tertulliano. È un’affermazione particolarmente attuale, perché oggi siamo in mezzo a pervasivi processi di scristianizzazione, che generano indifferenza e agnosticismo. I consueti percorsi di trasmissione della fede risultano in non pochi casi impraticabili. </span></h3>
<h3><span style="font-family: Times New Roman,serif;">Non si può più dare per scontato che si sappia chi è Gesù Cristo, che si conosca il Vangelo, che si abbia una qualche esperienza di Chiesa. Vale per fanciulli, ragazzi, giovani e adulti; vale per la nostra gente e, ovviamente, per tanti immigrati, provenienti da altre culture e religioni. C’è bisogno di un rinnovato primo annuncio della fede. È compito della Chiesa in quanto tale, e ricade su ogni cristiano, discepolo e quindi testimone di Cristo; tocca in modo particolare le parrocchie. Di primo annuncio vanno innervate tutte le azioni pastorali».</span></h3>
<h4>&nbsp;</h4>
<h4 style="margin-bottom: 0cm; line-height: 100%;" align="RIGHT"><a href="http://www.chiesacattolica.it/cci_new/pagine/1647/noti5_604.pdf" target="_blank" rel="noopener noreferrer"><span style="font-family: Times New Roman,serif;"><span style="font-size: small;"><i>(</i></span></span><span style="font-family: Times New Roman,serif;"><span style="font-size: small;"><i>Conferenza Episcopale Italiana</i></span></span><span style="font-family: Times New Roman,serif;"><span style="font-size: small;"><i>, “Il volto missionario delle parrocchie in un mondo che cambia”, 2004, 6)</i></span></span></a></h4>
<ul>
<li><a href="https://www.parrocchiabrusegana.it/?page_id=821">Catechesi Battesimale</a></li>
<li><a href="https://www.parrocchiabrusegana.it/?page_id=825">Primo Percorso</a></li>
<li><a href="https://www.parrocchiabrusegana.it/?page_id=833">Secondo Percorso</a></li>
<li><a href="https://www.parrocchiabrusegana.it/?page_id=831">Terzo Percorso</a></li>
<li><a href="https://www.parrocchiabrusegana.it/?page_id=827">Quarto Percorso</a></li>
<li><a href="https://www.parrocchiabrusegana.it/?page_id=829">Quinto Percorso</a></li>
<li><a href="https://www.parrocchiabrusegana.it/?page_id=2081">Sesto Percorso</a></li>
<li><a href="https://www.parrocchiabrusegana.it/?page_id=2084">Settimo Percorso</a></li>
<li><a href="https://www.parrocchiabrusegana.it/?page_id=2086">Ottavo Percorso&nbsp;</a>&nbsp;</li>
<p>&nbsp;<br />
&nbsp;<br />
<strong>Iniziazione cristiana</strong><br />
Gli incontri di catechesi per i bambini e i ragazzi<br />
inizieranno a fine novembre. I Genitori verranno<br />
precedentemente invitati ad un incontro di presentazione<br />
dell’itinerario di iniziazione cristiana dei loro figli.<br />
Si ricorda che la catechesi per i bambini di prima<br />
elementare inizierà nell’anno pastorale 2024-2025.<br />
<strong>Seconda elementare</strong><br />
I genitori che per i propri figli sono interessati ad iniziare<br />
il cammino di catechesi in Parrocchia, sono pregati di<br />
rivolgersi al parroco al termine delle Messe festive o<br />
telefonando al n. 049 620231; in caso di mancata risposta,<br />
lasciate un messaggio in segreteria telefonica e sarete<br />
richiamati il prima possibile<br />
&nbsp;<br />
&nbsp;</p>
</ul>
</blockquote>
<p></body></p>

<p>&nbsp; &nbsp; «Cristiani non si nasce, si diventa», ha scritto Tertulliano. È un’affermazione particolarmente attuale, perché oggi siamo in mezzo a pervasivi processi di scristianizzazione, che generano indifferenza e agnosticismo. I consueti percorsi di trasmissione della fede risultano in non &hellip; <a href="https://www.parrocchiabrusegana.it/?page_id=794">Continua a leggere<span class="meta-nav">&rarr;</span></a></p>
