{"id":13249,"date":"2019-01-20T21:39:26","date_gmt":"2019-01-20T20:39:26","guid":{"rendered":"http:\/\/www.parrocchiabrusegana.it\/?page_id=13249"},"modified":"2022-01-10T14:30:17","modified_gmt":"2022-01-10T13:30:17","slug":"arte-floreale-per-la-liturgia","status":"publish","type":"page","link":"https:\/\/www.parrocchiabrusegana.it\/?page_id=13249","title":{"rendered":"Arte floreale per la liturgia"},"content":{"rendered":"<p>&nbsp;<\/p>\n<style type=\"text\/css\"><!-- body { background: #eaeaea; text-align: left; } h1 { text-shadow: 2px 2px 4px black; } --><\/style>\n<h4>&nbsp;<\/h4>\n<blockquote><p>\u00c8 proprio Ges\u00f9 che pare insegnare a noi tutti, quanti ci prendiamo cura di assemblee liturgiche e degli spazi ove esse si radunano per \u00abcelebrare\u00bb l&#8217;amore che salva e scorre tra Dio e l&#8217;uomo, il perch\u00e9 di uno spazio bello e curato. Infatti, la sera in cui sarebbe stato tradito, prima che questo accadesse, egli volle fare la Pasqua con i suoi discepoli; mand\u00f2 allora due di loro a preparare la sala. Era uno spazio bello, al piano superiore, ornato e con tappeti. L\u00ec i discepoli prepararono e, quando fu l&#8217;Ora, Ges\u00f9 si mise a tavola con i suoi. Parl\u00f2 loro di molte cose senza parabole, svel\u00f2 di essere lui la Via e la Verit\u00e0 e la Vita e, a Filippo, per tutti, disse che chi ha visto lui ha visto il Padre perch\u00e9 lui e il Padre sono Uno; infine promise il Consolatore.<\/p><\/blockquote>\n<p>&nbsp;<\/p>\n<blockquote><p>Aveva lavato i piedi a Pietro e agli altri; aveva dato tutto di s\u00e9, nel segno del pane e del vino, perch\u00e9 avessero e gustassero gi\u00e0 la vita eterna.<\/p><\/blockquote>\n<p>&nbsp;<\/p>\n<blockquote><p>In quella sala magnifica e ornata fece il suo sacrificio, nel sacramento, cio\u00e8 realmente!<\/p><\/blockquote>\n<p>&nbsp;<\/p>\n<h4 style=\"margin-bottom: 0cm;\"><a name=\"_GoBack\"><\/a><\/h4>\n<blockquote><p>Le nostre chiese sono gli spazi ove rivivere quell&#8217;Ora. Di qui scaturisce la cura che ne abbiamo e il perch\u00e9 poniamo fiori. Essi rimandano alla Parola e alle Scritture tutte, rimandano a valenze culturali, al fare arte con ci\u00f2 che \u00e8 in natura. I fiori creano un modo di abitare lo spazio e di vivere un evento; sono gratuit\u00e0, fragilit\u00e0, bellezza e profumo inebrianti. Proprio per la profonda valenza simbolica i fiori non possono non esserci nella nostra divina liturgia, povera e semplice ma sempre evocativa, nobile e trasfigurante.<\/p><\/blockquote>\n<p>&nbsp;<\/p>\n<blockquote>\n<p style=\"text-align: left;\">Suor Cristina Cruciani<\/p>\n<\/blockquote>\n<div id=\"attachment_2955\" style=\"width: 263px\" class=\"wp-caption alignleft\"><a href=\"https:\/\/www.parrocchiabrusegana.it\/wp-content\/uploads\/2013\/11\/Vignaiolo.jpg\" target=\"_blank\" rel=\"noopener\"><img loading=\"lazy\" decoding=\"async\" aria-describedby=\"caption-attachment-2955\" class=\"wp-image-2955\" src=\"https:\/\/www.parrocchiabrusegana.it\/wp-content\/uploads\/2013\/11\/Vignaiolo-1024x768.jpg\" alt=\"\" width=\"253\" height=\"190\" srcset=\"https:\/\/www.parrocchiabrusegana.it\/wp-content\/uploads\/2013\/11\/Vignaiolo-1024x768.jpg 1024w, https:\/\/www.parrocchiabrusegana.it\/wp-content\/uploads\/2013\/11\/Vignaiolo-300x225.jpg 300w, https:\/\/www.parrocchiabrusegana.it\/wp-content\/uploads\/2013\/11\/Vignaiolo.jpg 1280w\" sizes=\"auto, (max-width: 253px) 100vw, 253px\" \/><\/a><p id=\"caption-attachment-2955\" class=\"wp-caption-text\"><br \/>Mt 21,33-43<br \/>Dar\u00e0 in affitto la vigna ad altri contadini.<\/p><\/div>\n<div id=\"attachment_2948\" style=\"width: 263px\" class=\"wp-caption alignright\"><a href=\"https:\/\/www.parrocchiabrusegana.it\/wp-content\/uploads\/2013\/11\/GIORNATA-DEL-RINGRAZIAMENTO.jpg\"><img loading=\"lazy\" decoding=\"async\" aria-describedby=\"caption-attachment-2948\" class=\" wp-image-2948\" src=\"https:\/\/www.parrocchiabrusegana.it\/wp-content\/uploads\/2013\/11\/GIORNATA-DEL-RINGRAZIAMENTO.jpg\" alt=\"\" width=\"253\" height=\"190\" srcset=\"https:\/\/www.parrocchiabrusegana.it\/wp-content\/uploads\/2013\/11\/GIORNATA-DEL-RINGRAZIAMENTO.jpg 1024w, https:\/\/www.parrocchiabrusegana.it\/wp-content\/uploads\/2013\/11\/GIORNATA-DEL-RINGRAZIAMENTO-300x225.jpg 300w\" sizes=\"auto, (max-width: 253px) 100vw, 253px\" \/><\/a><p id=\"caption-attachment-2948\" class=\"wp-caption-text\">GIORNATA DEL RINGRAZIAMENTO PER I FRUTTI DELLA TERRA E DEL LAVORO DELL&#8217;UOMO<\/p><\/div>\n<div id=\"attachment_3782\" style=\"width: 200px\" class=\"wp-caption alignleft\"><a href=\"https:\/\/www.parrocchiabrusegana.it\/wp-content\/uploads\/2013\/11\/Avvento.jpg\"><img loading=\"lazy\" decoding=\"async\" aria-describedby=\"caption-attachment-3782\" class=\" wp-image-3782\" src=\"https:\/\/www.parrocchiabrusegana.it\/wp-content\/uploads\/2013\/11\/Avvento.jpg\" alt=\"\" width=\"190\" height=\"265\" srcset=\"https:\/\/www.parrocchiabrusegana.it\/wp-content\/uploads\/2013\/11\/Avvento.jpg 679w, https:\/\/www.parrocchiabrusegana.it\/wp-content\/uploads\/2013\/11\/Avvento-214x300.jpg 214w\" sizes=\"auto, (max-width: 190px) 100vw, 190px\" \/><\/a><p id=\"caption-attachment-3782\" class=\"wp-caption-text\">&nbsp; IL TEMPO DELL&#8217;AVVENTO&nbsp;&nbsp;<\/p><\/div>\n<div id=\"attachment_4630\" style=\"width: 257px\" class=\"wp-caption alignright\"><a href=\"https:\/\/www.parrocchiabrusegana.it\/wp-content\/uploads\/2014\/01\/Battesimo.jpg\"><img loading=\"lazy\" decoding=\"async\" aria-describedby=\"caption-attachment-4630\" class=\"wp-image-4630\" src=\"https:\/\/www.parrocchiabrusegana.it\/wp-content\/uploads\/2014\/01\/Battesimo-1024x768.jpg\" alt=\"\" width=\"247\" height=\"185\" srcset=\"https:\/\/www.parrocchiabrusegana.it\/wp-content\/uploads\/2014\/01\/Battesimo-1024x768.jpg 1024w, https:\/\/www.parrocchiabrusegana.it\/wp-content\/uploads\/2014\/01\/Battesimo-300x225.jpg 300w\" sizes=\"auto, (max-width: 247px) 100vw, 247px\" \/><\/a><p id=\"caption-attachment-4630\" class=\"wp-caption-text\">In quel tempo, Ges\u00f9 dalla Galilea venne al Giordano da Giovanni, per farsi battezzare da lui.<\/p><\/div>\n<div style=\"width: 214px\" class=\"wp-caption alignnone\"><a href=\"https:\/\/www.parrocchiabrusegana.it\/wp-content\/uploads\/2014\/03\/Matteo-624-341.jpg\"><img loading=\"lazy\" decoding=\"async\" class=\"\" src=\"https:\/\/www.parrocchiabrusegana.it\/wp-content\/uploads\/2014\/03\/Matteo-624-341-150x150.jpg\" alt=\"\" width=\"204\" height=\"204\"\/><\/a><p class=\"wp-caption-text\">Non preoccupatevi dunque dicendo: &#8220;Che cosa mangeremo? Che cosa berremo? Che cosa indosseremo?&#8221;<\/p><\/div>\n<div id=\"attachment_5563\" style=\"width: 249px\" class=\"wp-caption alignright\"><a href=\"https:\/\/www.parrocchiabrusegana.it\/wp-content\/uploads\/2014\/04\/Giov.-Santo.jpg\"><img loading=\"lazy\" decoding=\"async\" aria-describedby=\"caption-attachment-5563\" class=\" wp-image-5563\" src=\"https:\/\/www.parrocchiabrusegana.it\/wp-content\/uploads\/2014\/04\/Giov.-Santo-150x150.jpg\" alt=\"\" width=\"239\" height=\"239\"\/><\/a><p id=\"caption-attachment-5563\" class=\"wp-caption-text\">Ogni volta che mangiate questo pane e bevete al calice,voi annunciate la morte del Signore.<\/p><\/div>\n<div id=\"attachment_5551\" style=\"width: 232px\" class=\"wp-caption alignnone\"><a href=\"https:\/\/www.parrocchiabrusegana.it\/wp-content\/uploads\/2014\/04\/Adorazione-Eucaristica1.jpg\"><img loading=\"lazy\" decoding=\"async\" aria-describedby=\"caption-attachment-5551\" class=\"wp-image-5551\" src=\"https:\/\/www.parrocchiabrusegana.it\/wp-content\/uploads\/2014\/04\/Adorazione-Eucaristica1-150x150.jpg\" alt=\"\" width=\"222\" height=\"222\"\/><\/a><p id=\"caption-attachment-5551\" class=\"wp-caption-text\">ADORAZIONE EUCARISTICA<\/p><\/div>\n<div id=\"attachment_5603\" style=\"width: 241px\" class=\"wp-caption alignleft\"><a href=\"https:\/\/www.parrocchiabrusegana.it\/wp-content\/uploads\/2014\/04\/16aprile2014.jpg\"><img loading=\"lazy\" decoding=\"async\" aria-describedby=\"caption-attachment-5603\" class=\" wp-image-5603\" src=\"https:\/\/www.parrocchiabrusegana.it\/wp-content\/uploads\/2014\/04\/16aprile2014-150x150.jpg\" alt=\"\" width=\"231\" height=\"231\"\/><\/a><p id=\"caption-attachment-5603\" class=\"wp-caption-text\">DOMENICA 27 APRILE 16 NUOVI INVITATI AL BANCHETTO DELL\u2019AGNELLO NELLA PRIMA PARTECIPAZIONE ALL\u2019EUCARISTIA.<\/p><\/div>\n<div id=\"attachment_5901\" style=\"width: 224px\" class=\"wp-caption alignright\"><a href=\"https:\/\/www.parrocchiabrusegana.it\/wp-content\/uploads\/2014\/06\/Corpus-Domini-5.jpg\"><img loading=\"lazy\" decoding=\"async\" aria-describedby=\"caption-attachment-5901\" class=\" wp-image-5901\" src=\"https:\/\/www.parrocchiabrusegana.it\/wp-content\/uploads\/2014\/06\/Corpus-Domini-5-150x150.jpg\" alt=\"\" width=\"214\" height=\"214\"\/><\/a><p id=\"caption-attachment-5901\" class=\"wp-caption-text\">La mia carne \u00e8 vero cibo e il mio sangue vera bevanda.<\/p><\/div>\n<p>&nbsp;<\/p>\n<p>&nbsp;<\/p>\n<div id=\"attachment_7076\" style=\"width: 274px\" class=\"wp-caption alignnone\"><a href=\"https:\/\/www.parrocchiabrusegana.it\/wp-content\/uploads\/2015\/05\/IMG_1296.jpg\"><img loading=\"lazy\" decoding=\"async\" aria-describedby=\"caption-attachment-7076\" class=\" wp-image-7076\" src=\"https:\/\/www.parrocchiabrusegana.it\/wp-content\/uploads\/2015\/05\/IMG_1296-150x150.jpg\" alt=\"\" width=\"264\" height=\"264\"\/><\/a><p id=\"caption-attachment-7076\" class=\"wp-caption-text\">3 MAGGIO 2015<br \/>PRIMA PARTECIPAZIONE ALL&#8217;EUCARISTIA<br \/>&#8220;COME TRALCI UNITI ALLA VITE&#8221;<\/p><\/div>\n<p>&nbsp;<\/p>\n<p style=\"text-align: center;\">8Novembre 2015:<br \/>\nGIORNATA DEL RINGRAZIAMENTO<br \/>\nDEI FRUTTI DELLA TERRAE DEL LAVORO UMANO<\/p>\nngg_shortcode_0_placeholder\n<div id=\"attachment_10169\" style=\"width: 262px\" class=\"wp-caption alignleft\"><a href=\"https:\/\/www.parrocchiabrusegana.it\/wp-content\/uploads\/2016\/12\/Notte-di-Natale.jpg\"><img loading=\"lazy\" decoding=\"async\" aria-describedby=\"caption-attachment-10169\" class=\" wp-image-10169\" src=\"https:\/\/www.parrocchiabrusegana.it\/wp-content\/uploads\/2016\/12\/Notte-di-Natale-150x150.jpg\" alt=\"\" width=\"252\" height=\"252\"\/><\/a><p id=\"caption-attachment-10169\" class=\"wp-caption-text\">Natale 2016<\/p><\/div>\n<div id=\"attachment_10351\" style=\"width: 250px\" class=\"wp-caption alignleft\"><a href=\"https:\/\/www.parrocchiabrusegana.it\/wp-content\/uploads\/2017\/01\/IMG_3153.jpg\"><img loading=\"lazy\" decoding=\"async\" aria-describedby=\"caption-attachment-10351\" class=\" wp-image-10351\" src=\"https:\/\/www.parrocchiabrusegana.it\/wp-content\/uploads\/2017\/01\/IMG_3153-150x150.jpg\" alt=\"\" width=\"240\" height=\"240\"\/><\/a><p id=\"caption-attachment-10351\" class=\"wp-caption-text\">\u00abVenite dietro a me, vi far\u00f2 pescatori di uomini\u00bb<\/p><\/div>\n<div id=\"attachment_10351\" style=\"width: 250px\" class=\"wp-caption alignleft\"><a href=\"https:\/\/www.parrocchiabrusegana.it\/wp-content\/uploads\/2021\/04\/videro-la-pietra-rotolata-scaled.jpg\"><img loading=\"lazy\" decoding=\"async\" aria-describedby=\"caption-attachment-10351\" class=\" wp-image-10351\" src=\"https:\/\/www.parrocchiabrusegana.it\/wp-content\/uploads\/2021\/04\/videro-la-pietra-rotolata-scaled.jpg\" alt=\"\" width=\"240\" height=\"240\"\/><\/a><p id=\"caption-attachment-10351\" class=\"wp-caption-text\"><br \/>Pasqua 2021<br \/>\u00abOra, nel luogo dove era stato crocifisso, vi era un giardino e nel giardino un sepolcro nuovo, nel quale nessuno era stato ancora posto<br \/>\u00abChi ci far\u00e0 rotolare via la pietra dall&#8217;ingresso del sepolcro?\u00bb. Alzando lo sguardo, osservarono che la pietra era gi\u00e0 stata fatta rotolare, bench\u00e9 fosse molto grande.\u00bb<\/p><\/div>\n<p>&nbsp;<\/p>\n","protected":false},"excerpt":{"rendered":"<p>&nbsp; &nbsp; \u00c8 proprio Ges\u00f9 che pare insegnare a noi tutti, quanti ci prendiamo cura di assemblee liturgiche e degli spazi ove esse si radunano per \u00abcelebrare\u00bb l&#8217;amore che salva e scorre tra Dio e l&#8217;uomo, il perch\u00e9 di uno &hellip; <a href=\"https:\/\/www.parrocchiabrusegana.it\/?page_id=13249\">Continua a leggere<span class=\"meta-nav\">&rarr;<\/span><\/a><\/p>\n","protected":false},"author":1,"featured_media":0,"parent":793,"menu_order":0,"comment_status":"closed","ping_status":"closed","template":"","meta":{"_crdt_document":"","ngg_post_thumbnail":0,"footnotes":""},"class_list":["post-13249","page","type-page","status-publish","hentry"],"_links":{"self":[{"href":"https:\/\/www.parrocchiabrusegana.it\/index.php?rest_route=\/wp\/v2\/pages\/13249","targetHints":{"allow":["GET"]}}],"collection":[{"href":"https:\/\/www.parrocchiabrusegana.it\/index.php?rest_route=\/wp\/v2\/pages"}],"about":[{"href":"https:\/\/www.parrocchiabrusegana.it\/index.php?rest_route=\/wp\/v2\/types\/page"}],"author":[{"embeddable":true,"href":"https:\/\/www.parrocchiabrusegana.it\/index.php?rest_route=\/wp\/v2\/users\/1"}],"replies":[{"embeddable":true,"href":"https:\/\/www.parrocchiabrusegana.it\/index.php?rest_route=%2Fwp%2Fv2%2Fcomments&post=13249"}],"version-history":[{"count":49,"href":"https:\/\/www.parrocchiabrusegana.it\/index.php?rest_route=\/wp\/v2\/pages\/13249\/revisions"}],"predecessor-version":[{"id":15871,"href":"https:\/\/www.parrocchiabrusegana.it\/index.php?rest_route=\/wp\/v2\/pages\/13249\/revisions\/15871"}],"up":[{"embeddable":true,"href":"https:\/\/www.parrocchiabrusegana.it\/index.php?rest_route=\/wp\/v2\/pages\/793"}],"wp:attachment":[{"href":"https:\/\/www.parrocchiabrusegana.it\/index.php?rest_route=%2Fwp%2Fv2%2Fmedia&parent=13249"}],"curies":[{"name":"wp","href":"https:\/\/api.w.org\/{rel}","templated":true}]}}

<p>&nbsp;</p>
<style type="text/css"><!-- body { background: #eaeaea; text-align: left; } h1 { text-shadow: 2px 2px 4px black; } --></style>
<h4>&nbsp;</h4>
<blockquote><p>È proprio Gesù che pare insegnare a noi tutti, quanti ci prendiamo cura di assemblee liturgiche e degli spazi ove esse si radunano per «celebrare» l&#8217;amore che salva e scorre tra Dio e l&#8217;uomo, il perché di uno spazio bello e curato. Infatti, la sera in cui sarebbe stato tradito, prima che questo accadesse, egli volle fare la Pasqua con i suoi discepoli; mandò allora due di loro a preparare la sala. Era uno spazio bello, al piano superiore, ornato e con tappeti. Lì i discepoli prepararono e, quando fu l&#8217;Ora, Gesù si mise a tavola con i suoi. Parlò loro di molte cose senza parabole, svelò di essere lui la Via e la Verità e la Vita e, a Filippo, per tutti, disse che chi ha visto lui ha visto il Padre perché lui e il Padre sono Uno; infine promise il Consolatore.</p></blockquote>
<p>&nbsp;</p>
<blockquote><p>Aveva lavato i piedi a Pietro e agli altri; aveva dato tutto di sé, nel segno del pane e del vino, perché avessero e gustassero già la vita eterna.</p></blockquote>
<p>&nbsp;</p>
<blockquote><p>In quella sala magnifica e ornata fece il suo sacrificio, nel sacramento, cioè realmente!</p></blockquote>
<p>&nbsp;</p>
<h4 style="margin-bottom: 0cm;"><a name="_GoBack"></a></h4>
<blockquote><p>Le nostre chiese sono gli spazi ove rivivere quell&#8217;Ora. Di qui scaturisce la cura che ne abbiamo e il perché poniamo fiori. Essi rimandano alla Parola e alle Scritture tutte, rimandano a valenze culturali, al fare arte con ciò che è in natura. I fiori creano un modo di abitare lo spazio e di vivere un evento; sono gratuità, fragilità, bellezza e profumo inebrianti. Proprio per la profonda valenza simbolica i fiori non possono non esserci nella nostra divina liturgia, povera e semplice ma sempre evocativa, nobile e trasfigurante.</p></blockquote>
<p>&nbsp;</p>
<blockquote>
<p style="text-align: left;">Suor Cristina Cruciani</p>
</blockquote>
<div id="attachment_2955" style="width: 263px" class="wp-caption alignleft"><a href="https://www.parrocchiabrusegana.it/wp-content/uploads/2013/11/Vignaiolo.jpg" target="_blank" rel="noopener"><img loading="lazy" decoding="async" aria-describedby="caption-attachment-2955" class="wp-image-2955" src="https://www.parrocchiabrusegana.it/wp-content/uploads/2013/11/Vignaiolo-1024x768.jpg" alt="" width="253" height="190" srcset="https://www.parrocchiabrusegana.it/wp-content/uploads/2013/11/Vignaiolo-1024x768.jpg 1024w, https://www.parrocchiabrusegana.it/wp-content/uploads/2013/11/Vignaiolo-300x225.jpg 300w, https://www.parrocchiabrusegana.it/wp-content/uploads/2013/11/Vignaiolo.jpg 1280w" sizes="auto, (max-width: 253px) 100vw, 253px" /></a><p id="caption-attachment-2955" class="wp-caption-text"><br />Mt 21,33-43<br />Darà in affitto la vigna ad altri contadini.</p></div>
<div id="attachment_2948" style="width: 263px" class="wp-caption alignright"><a href="https://www.parrocchiabrusegana.it/wp-content/uploads/2013/11/GIORNATA-DEL-RINGRAZIAMENTO.jpg"><img loading="lazy" decoding="async" aria-describedby="caption-attachment-2948" class=" wp-image-2948" src="https://www.parrocchiabrusegana.it/wp-content/uploads/2013/11/GIORNATA-DEL-RINGRAZIAMENTO.jpg" alt="" width="253" height="190" srcset="https://www.parrocchiabrusegana.it/wp-content/uploads/2013/11/GIORNATA-DEL-RINGRAZIAMENTO.jpg 1024w, https://www.parrocchiabrusegana.it/wp-content/uploads/2013/11/GIORNATA-DEL-RINGRAZIAMENTO-300x225.jpg 300w" sizes="auto, (max-width: 253px) 100vw, 253px" /></a><p id="caption-attachment-2948" class="wp-caption-text">GIORNATA DEL RINGRAZIAMENTO PER I FRUTTI DELLA TERRA E DEL LAVORO DELL&#8217;UOMO</p></div>
<div id="attachment_3782" style="width: 200px" class="wp-caption alignleft"><a href="https://www.parrocchiabrusegana.it/wp-content/uploads/2013/11/Avvento.jpg"><img loading="lazy" decoding="async" aria-describedby="caption-attachment-3782" class=" wp-image-3782" src="https://www.parrocchiabrusegana.it/wp-content/uploads/2013/11/Avvento.jpg" alt="" width="190" height="265" srcset="https://www.parrocchiabrusegana.it/wp-content/uploads/2013/11/Avvento.jpg 679w, https://www.parrocchiabrusegana.it/wp-content/uploads/2013/11/Avvento-214x300.jpg 214w" sizes="auto, (max-width: 190px) 100vw, 190px" /></a><p id="caption-attachment-3782" class="wp-caption-text">&nbsp; IL TEMPO DELL&#8217;AVVENTO&nbsp;&nbsp;</p></div>
<div id="attachment_4630" style="width: 257px" class="wp-caption alignright"><a href="https://www.parrocchiabrusegana.it/wp-content/uploads/2014/01/Battesimo.jpg"><img loading="lazy" decoding="async" aria-describedby="caption-attachment-4630" class="wp-image-4630" src="https://www.parrocchiabrusegana.it/wp-content/uploads/2014/01/Battesimo-1024x768.jpg" alt="" width="247" height="185" srcset="https://www.parrocchiabrusegana.it/wp-content/uploads/2014/01/Battesimo-1024x768.jpg 1024w, https://www.parrocchiabrusegana.it/wp-content/uploads/2014/01/Battesimo-300x225.jpg 300w" sizes="auto, (max-width: 247px) 100vw, 247px" /></a><p id="caption-attachment-4630" class="wp-caption-text">In quel tempo, Gesù dalla Galilea venne al Giordano da Giovanni, per farsi battezzare da lui.</p></div>
<div style="width: 214px" class="wp-caption alignnone"><a href="https://www.parrocchiabrusegana.it/wp-content/uploads/2014/03/Matteo-624-341.jpg"><img loading="lazy" decoding="async" class="" src="https://www.parrocchiabrusegana.it/wp-content/uploads/2014/03/Matteo-624-341-150x150.jpg" alt="" width="204" height="204"/></a><p class="wp-caption-text">Non preoccupatevi dunque dicendo: &#8220;Che cosa mangeremo? Che cosa berremo? Che cosa indosseremo?&#8221;</p></div>
<div id="attachment_5563" style="width: 249px" class="wp-caption alignright"><a href="https://www.parrocchiabrusegana.it/wp-content/uploads/2014/04/Giov.-Santo.jpg"><img loading="lazy" decoding="async" aria-describedby="caption-attachment-5563" class=" wp-image-5563" src="https://www.parrocchiabrusegana.it/wp-content/uploads/2014/04/Giov.-Santo-150x150.jpg" alt="" width="239" height="239"/></a><p id="caption-attachment-5563" class="wp-caption-text">Ogni volta che mangiate questo pane e bevete al calice,voi annunciate la morte del Signore.</p></div>
<div id="attachment_5551" style="width: 232px" class="wp-caption alignnone"><a href="https://www.parrocchiabrusegana.it/wp-content/uploads/2014/04/Adorazione-Eucaristica1.jpg"><img loading="lazy" decoding="async" aria-describedby="caption-attachment-5551" class="wp-image-5551" src="https://www.parrocchiabrusegana.it/wp-content/uploads/2014/04/Adorazione-Eucaristica1-150x150.jpg" alt="" width="222" height="222"/></a><p id="caption-attachment-5551" class="wp-caption-text">ADORAZIONE EUCARISTICA</p></div>
<div id="attachment_5603" style="width: 241px" class="wp-caption alignleft"><a href="https://www.parrocchiabrusegana.it/wp-content/uploads/2014/04/16aprile2014.jpg"><img loading="lazy" decoding="async" aria-describedby="caption-attachment-5603" class=" wp-image-5603" src="https://www.parrocchiabrusegana.it/wp-content/uploads/2014/04/16aprile2014-150x150.jpg" alt="" width="231" height="231"/></a><p id="caption-attachment-5603" class="wp-caption-text">DOMENICA 27 APRILE 16 NUOVI INVITATI AL BANCHETTO DELL’AGNELLO NELLA PRIMA PARTECIPAZIONE ALL’EUCARISTIA.</p></div>
<div id="attachment_5901" style="width: 224px" class="wp-caption alignright"><a href="https://www.parrocchiabrusegana.it/wp-content/uploads/2014/06/Corpus-Domini-5.jpg"><img loading="lazy" decoding="async" aria-describedby="caption-attachment-5901" class=" wp-image-5901" src="https://www.parrocchiabrusegana.it/wp-content/uploads/2014/06/Corpus-Domini-5-150x150.jpg" alt="" width="214" height="214"/></a><p id="caption-attachment-5901" class="wp-caption-text">La mia carne è vero cibo e il mio sangue vera bevanda.</p></div>
<p>&nbsp;</p>
<p>&nbsp;</p>
<div id="attachment_7076" style="width: 274px" class="wp-caption alignnone"><a href="https://www.parrocchiabrusegana.it/wp-content/uploads/2015/05/IMG_1296.jpg"><img loading="lazy" decoding="async" aria-describedby="caption-attachment-7076" class=" wp-image-7076" src="https://www.parrocchiabrusegana.it/wp-content/uploads/2015/05/IMG_1296-150x150.jpg" alt="" width="264" height="264"/></a><p id="caption-attachment-7076" class="wp-caption-text">3 MAGGIO 2015<br />PRIMA PARTECIPAZIONE ALL&#8217;EUCARISTIA<br />&#8220;COME TRALCI UNITI ALLA VITE&#8221;</p></div>
<p>&nbsp;</p>
<p style="text-align: center;">8Novembre 2015:<br />
GIORNATA DEL RINGRAZIAMENTO<br />
DEI FRUTTI DELLA TERRAE DEL LAVORO UMANO</p>
ngg_shortcode_0_placeholder
<div id="attachment_10169" style="width: 262px" class="wp-caption alignleft"><a href="https://www.parrocchiabrusegana.it/wp-content/uploads/2016/12/Notte-di-Natale.jpg"><img loading="lazy" decoding="async" aria-describedby="caption-attachment-10169" class=" wp-image-10169" src="https://www.parrocchiabrusegana.it/wp-content/uploads/2016/12/Notte-di-Natale-150x150.jpg" alt="" width="252" height="252"/></a><p id="caption-attachment-10169" class="wp-caption-text">Natale 2016</p></div>
<div id="attachment_10351" style="width: 250px" class="wp-caption alignleft"><a href="https://www.parrocchiabrusegana.it/wp-content/uploads/2017/01/IMG_3153.jpg"><img loading="lazy" decoding="async" aria-describedby="caption-attachment-10351" class=" wp-image-10351" src="https://www.parrocchiabrusegana.it/wp-content/uploads/2017/01/IMG_3153-150x150.jpg" alt="" width="240" height="240"/></a><p id="caption-attachment-10351" class="wp-caption-text">«Venite dietro a me, vi farò pescatori di uomini»</p></div>
<div id="attachment_10351" style="width: 250px" class="wp-caption alignleft"><a href="https://www.parrocchiabrusegana.it/wp-content/uploads/2021/04/videro-la-pietra-rotolata-scaled.jpg"><img loading="lazy" decoding="async" aria-describedby="caption-attachment-10351" class=" wp-image-10351" src="https://www.parrocchiabrusegana.it/wp-content/uploads/2021/04/videro-la-pietra-rotolata-scaled.jpg" alt="" width="240" height="240"/></a><p id="caption-attachment-10351" class="wp-caption-text"><br />Pasqua 2021<br />«Ora, nel luogo dove era stato crocifisso, vi era un giardino e nel giardino un sepolcro nuovo, nel quale nessuno era stato ancora posto<br />«Chi ci farà rotolare via la pietra dall&#8217;ingresso del sepolcro?». Alzando lo sguardo, osservarono che la pietra era già stata fatta rotolare, benché fosse molto grande.»</p></div>
<p>&nbsp;</p>

<p>&nbsp; &nbsp; È proprio Gesù che pare insegnare a noi tutti, quanti ci prendiamo cura di assemblee liturgiche e degli spazi ove esse si radunano per «celebrare» l&#8217;amore che salva e scorre tra Dio e l&#8217;uomo, il perché di uno &hellip; <a href="https://www.parrocchiabrusegana.it/?page_id=13249">Continua a leggere<span class="meta-nav">&rarr;</span></a></p>
