{"id":13035,"date":"2019-01-18T23:18:03","date_gmt":"2019-01-18T22:18:03","guid":{"rendered":"http:\/\/www.parrocchiabrusegana.it\/?page_id=13035"},"modified":"2020-01-21T11:08:44","modified_gmt":"2020-01-21T10:08:44","slug":"le-icone-degli-arcangeli-2","status":"publish","type":"page","link":"https:\/\/www.parrocchiabrusegana.it\/?page_id=13035","title":{"rendered":"LE ICONE DEGLI ARCANGELI"},"content":{"rendered":"<blockquote><p><body oncontextmenu=\"return false\" ondragstart=\"return false\" onselectstart=\"return false\"><\/p>\n<style type=\"text\/css\">\n.thnail {background-image:url(http:\/\/img8.imageshack.us\/img8\/6722\/37182090.gif); background-repeat:no-repeat; width: 100px}\nthumbnail {position: relative; z-index: 8; text-decoration: none !important}\n.thumbnail:hover {background: transparent; z-index: 9}\n.thumbnail > span {display: none; position: absolute; top: 100; left: 60px; padding: 5px}\n.thumbnail > span img {width: 500px; padding: 2px}\n.thumbnail:hover > span {display: block; border: 1px dashed gray; background-color: #FFF; color: black;}\n.thumbnail:hover span span {display: inline; border: none}<\/style>\n<p><strong>LE ICONE DEGLI ARCANGELI <a class=\"thumbnail\" href=\"#\"> MICHELE <span><img decoding=\"async\" alt=\"\" src=\"https:\/\/www.parrocchiabrusegana.it\/wp-content\/uploads\/2016\/10\/Arcangelo-Michele.jpg\"\/><\/span><\/a>E<a class=\"thumbnail\" href=\"#\"> GABRIELE<span><img decoding=\"async\" alt=\"\" src=\"https:\/\/www.parrocchiabrusegana.it\/wp-content\/uploads\/2016\/10\/Arcangelo-Gabriele.jpg\"\/><\/span><\/a> DELLA NOSTRA CHIESA<\/strong><br \/>\nA cura di Maria Cristina Ferin in Ramin<\/p>\n<p>Afferma il Concilio Ecumenico Costantinopolitano IV celebrato a Costantinopoli nel 869-870: \u00abCi\u00f2 che il<br \/>\nLibro ci ha detto con la Parola, l\u2019icona ce lo annuncia con il colore e ce lo rende presente..<br \/>\nNoi dipingiamo anche le immagini dei santi angeli, come sono descritti nelle parole della divina Scrittura\u00bb (Can. III).<br \/>\nL\u2019icona \u00e8 quindi uno strumento di comunicazione,\u00e8 immagine, \u00e8 Parola che viene scritta, per questo l\u2019icona non si dipinge, ma si scrive.<br \/>\nAbbiamo scelto questi due Arcangeli, tra vari soggetti, perch\u00e9 loro stessi si sono proposti come complemento ideale e spirituale della nostra chiesa,<br \/>\nin grado di donare pi\u00f9 luminosit\u00e0 all\u2019insieme e di sottolineare l\u2019importanza <a class=\"thumbnail\" href=\"#\">del Crocifisso dell\u2019abside.<span><img decoding=\"async\" alt=\"\" src=\"https:\/\/www.parrocchiabrusegana.it\/wp-content\/uploads\/2013\/06\/Crocefisso.jpg\"\/><\/span><\/a><br \/>\nNon abbiamo voluto interpretazioni moderne di angeli dalle vesti vaporose e fluttuanti perch\u00e9 l\u2019incisivit\u00e0 delle antiche icone della tradizione \u00e8 sempre immediata, ma allo stesso profonda e questi Arcangeli, che sono ispirati all\u2019Antico Testamento e alle radici della Creazione, ne sono la testimonianza.<br \/>\nSono rappresentazioni antiche ma attualissime nei volti a figurare l\u2019impronta del Creatore nell\u2019uomo.<br \/>\nUna indica il Cristo crocifisso e l\u2019altra gli affida <a class=\"thumbnail\" href=\"#\">la sfera del mondo<span><img decoding=\"async\" alt=\"\" src=\"https:\/\/www.parrocchiabrusegana.it\/wp-content\/uploads\/2016\/10\/IMG_2164.jpg\"\/><\/span><\/a> con il monogramma di Cristo.<br \/>\nCon la loro disposizione formano un triangolo con il Crocifisso, verso il quale si fanno messaggeri (questo \u00e8 il significato di \u201cangelo\u201d) della devozione della nostra comunit\u00e0.<br \/>\nL\u2019icona ha delle regole precise di esecuzione e si avvale di strumenti e materiali di tradizione millenaria.<br \/>\nQueste icone sono state scritte seguendo questa tradizione e i materiali usati sono adeguati al valore spirituale simbolico di queste opere.<br \/>\nQuello che vediamo \u00e8 il risultato della miscela di pigmenti per lo pi\u00f9 naturali, terre e pietre anche preziose macinate, foglia d\u2019oro, colle e vernici tradizionali.<br \/>\nLa tavola \u00e8 di tiglio telata e gessata.<br \/>\nLa tecnica pittorica \u00e8 quella della velatura che prevede numerosi passaggi di tempera all\u2019uovo di colore quasi trasparente.<br \/>\nL\u2019Arcangelo Gabriele si presenta con mantello verde, colore della speranza e della terra, e schiarimenti azzurri in toni freddi.<br \/>\nL\u2019Arcangelo Michele ha il mantello rosso, colore dell\u2019amore e della passione, in toni caldi, ma con schiarimenti freddi in contrasto.<br \/>\nI sottoali sono di colori complementari ai mantelli, rosa per il verde, verdi per il rosso.<br \/>\nI due mantelli sono sottolineati nelle loro parti da tratti di colore di chiarore crescente in pi\u00f9 toni che ne accentuano la luminosit\u00e0, cos\u00ec come pure i volti e gli incarnati che ne acquistano in luminosit\u00e0 ed espressione.<br \/>\n\u00c8 una combinazione cromatica che crea equilibrio e armonia a complemento reciproco.<br \/>\nLe vesti regali simili nel color rosa giallo, colori dell\u2019aurora, sono bordate di una fascia di oro e pietre preziose disegnate.<br \/>\nSono vesti e calzari che nella loro ricchezza esprimono dignit\u00e0 nobiliare.<br \/>\nE si fanno voce della devozione popolare che conferma la sua fede attraverso l\u2019offerta della bellezza e della preziosit\u00e0.<br \/>\nCos\u00ec facendo, rendiamo preziosa anche la nostra fede.<br \/>\nI profili delle piume sono sottolineati in oro.<a class=\"thumbnail\" href=\"#\"><br \/>\nL\u2019aureola o nimbo<span><img decoding=\"async\" alt=\"\" src=\"https:\/\/www.parrocchiabrusegana.it\/wp-content\/uploads\/2016\/10\/aureole.jpg\"\/><\/span><\/a> \u00e8 decorata con una punzonatura che esalta la forma della testa e i volti.<br \/>\nIl nastro che spunta tra i capelli vuole rappresentare il movimento dello Spirito Santo che soffia \u201cche rinnova la faccia della terra\u201d.<br \/>\nL\u2019ARCANGELO <a class=\"thumbnail\" href=\"#\"> GABRIELE<span><img decoding=\"async\" alt=\"\" src=\"https:\/\/www.parrocchiabrusegana.it\/wp-content\/uploads\/2016\/10\/Arcangelo-Gabriele.jpg\"\/><\/span><\/a>  (che significa Forza di Dio) \u00e8 il messaggero; ci consegna il suo annuncio indicando <a class=\"thumbnail\" href=\"#\">il Crocifisso<span><img decoding=\"async\" alt=\"\" src=\"https:\/\/www.parrocchiabrusegana.it\/wp-content\/uploads\/2020\/01\/fondo-dorato3.png\"\/><\/span><\/a>.<br \/>\nL\u2019ARCANGELO <a class=\"thumbnail\" href=\"#\"> MICHELE <span><img decoding=\"async\" alt=\"\" src=\"https:\/\/www.parrocchiabrusegana.it\/wp-content\/uploads\/2016\/10\/Arcangelo-Michele.jpg\"\/><\/span><\/a> (che significa Chi \u00e8 come Dio), \u00e9 il guerriero; offre e affida al Cristo della Croce <a class=\"thumbnail\" href=\"#\">la sfera del mondo<span><img decoding=\"async\" alt=\"\" src=\"https:\/\/www.parrocchiabrusegana.it\/wp-content\/uploads\/2016\/10\/IMG_2164.jpg\"\/><\/span><\/a>.<br \/>\nSulla sfera il monogramma di Cristo con l\u2019alfa e l\u2019omega.<br \/>\nQuesto simbolo, che contiene in s\u00e9 il bastone del pastore e la croce, rappresenta anche il<a class=\"thumbnail\" href=\"#\"> logo della nostra parrocchia.<span><img decoding=\"async\" alt=\"\" src=\"https:\/\/www.parrocchiabrusegana.it\/wp-content\/uploads\/2020\/01\/IMG_2154-scaled.jpg\"\/><\/span><\/a><br \/>\nE l\u2019intenzione rappresentata \u00e8 quella di affidare la nostra Comunit\u00e0 al Cristo Crocifisso.<br \/>\nI due Arcangeli portano il bastone del viandante segno di autorit\u00e0 e potere che viene da Dio.<br \/>\nLa dicitura con il nome dell\u2019icona conferma ci\u00f2 che \u00e8 rappresentato nell\u2019immagine.<br \/>\nLe icone non hanno nessuna firma, Il nome dell\u2019autrice compare nel retro della tavola ed \u00e8 preceduto dalla formula:<br \/>\n\u201cper mano di&#8230;\u201d. L\u2019iconografia vuole che la mano dell\u2019iconografo sia solo strumento di servizio alla fede.<br \/>\nInfine tutto il percorso ci conduce alla luce attraverso la luminosit\u00e0 del fondo oro simbolo della luce pura, che insieme<br \/>\ncon la mescolanza dei colori vuole ricondurci alla sua natura divina.<br \/>\nSappiamo che queste silenziose presenze, gli angeli, citate nell\u2019Antico e nel Nuovo Testamento, ci accompagnano e ci sostengono.<br \/>\nSono da sempre nella storia della nostra fede.<br \/>\nConsideriamole nostre intermediarie, ognuna con le sue peculiarit\u00e0, capaci di stabilire un dialogo, un incontro, una comunicazione, una presenza di Dio con noi.<\/body><\/p><\/blockquote>\n","protected":false},"excerpt":{"rendered":"<p>LE ICONE DEGLI ARCANGELI MICHELE E GABRIELE DELLA NOSTRA CHIESA A cura di Maria Cristina Ferin in Ramin Afferma il Concilio Ecumenico Costantinopolitano IV celebrato a Costantinopoli nel 869-870: \u00abCi\u00f2 che il Libro ci ha detto con la Parola, l\u2019icona &hellip; <a href=\"https:\/\/www.parrocchiabrusegana.it\/?page_id=13035\">Continua a leggere<span class=\"meta-nav\">&rarr;<\/span><\/a><\/p>\n","protected":false},"author":1,"featured_media":0,"parent":374,"menu_order":5,"comment_status":"closed","ping_status":"closed","template":"","meta":{"_crdt_document":"","ngg_post_thumbnail":0,"footnotes":""},"class_list":["post-13035","page","type-page","status-publish","hentry"],"_links":{"self":[{"href":"https:\/\/www.parrocchiabrusegana.it\/index.php?rest_route=\/wp\/v2\/pages\/13035","targetHints":{"allow":["GET"]}}],"collection":[{"href":"https:\/\/www.parrocchiabrusegana.it\/index.php?rest_route=\/wp\/v2\/pages"}],"about":[{"href":"https:\/\/www.parrocchiabrusegana.it\/index.php?rest_route=\/wp\/v2\/types\/page"}],"author":[{"embeddable":true,"href":"https:\/\/www.parrocchiabrusegana.it\/index.php?rest_route=\/wp\/v2\/users\/1"}],"replies":[{"embeddable":true,"href":"https:\/\/www.parrocchiabrusegana.it\/index.php?rest_route=%2Fwp%2Fv2%2Fcomments&post=13035"}],"version-history":[{"count":5,"href":"https:\/\/www.parrocchiabrusegana.it\/index.php?rest_route=\/wp\/v2\/pages\/13035\/revisions"}],"predecessor-version":[{"id":14662,"href":"https:\/\/www.parrocchiabrusegana.it\/index.php?rest_route=\/wp\/v2\/pages\/13035\/revisions\/14662"}],"up":[{"embeddable":true,"href":"https:\/\/www.parrocchiabrusegana.it\/index.php?rest_route=\/wp\/v2\/pages\/374"}],"wp:attachment":[{"href":"https:\/\/www.parrocchiabrusegana.it\/index.php?rest_route=%2Fwp%2Fv2%2Fmedia&parent=13035"}],"curies":[{"name":"wp","href":"https:\/\/api.w.org\/{rel}","templated":true}]}}